{"id":269,"date":"2025-02-13T11:16:27","date_gmt":"2025-02-13T11:16:27","guid":{"rendered":"https:\/\/andreasbraune.de\/?page_id=269"},"modified":"2025-03-17T10:21:21","modified_gmt":"2025-03-17T10:21:21","slug":"argumente-check","status":"publish","type":"page","link":"https:\/\/www.andreasbraune.de\/?page_id=269","title":{"rendered":"Argumente-Check"},"content":{"rendered":"\n<div id=\"wp-block-themeisle-blocks-button-group-1447191c\" class=\"wp-block-themeisle-blocks-button-group wp-block-buttons align-center-desktop\">\n<div id=\"wp-block-themeisle-blocks-button-c70c0169\" class=\"wp-block-themeisle-blocks-button wp-block-button\"><a href=\"https:\/\/www.andreasbraune.de\/?page_id=116\" target=\"_self\" rel=\"noopener noreferrer\" class=\"wp-block-button__link\"><span>Alle Blog-Kan\u00e4le<\/span><\/a><\/div>\n\n\n\n<div id=\"wp-block-themeisle-blocks-button-7dc38a64\" class=\"wp-block-themeisle-blocks-button wp-block-button\"><a href=\"https:\/\/www.andreasbraune.de\/?page_id=357\" target=\"_self\" rel=\"noopener noreferrer\" class=\"wp-block-button__link\"><span>Alle Blog-Beitr\u00e4ge<\/span><\/a><\/div>\n<\/div>\n\n\n\n<div id=\"wp-block-themeisle-blocks-button-group-ddd52eb1\" class=\"wp-block-themeisle-blocks-button-group wp-block-buttons align-center-desktop\">\n<div id=\"wp-block-themeisle-blocks-button-c1e07e55\" class=\"wp-block-themeisle-blocks-button wp-block-button\"><a href=\"https:\/\/www.andreasbraune.de\/?page_id=304\" target=\"_self\" rel=\"noopener noreferrer\" class=\"wp-block-button__link\"><span>News<\/span><\/a><\/div>\n\n\n\n<div id=\"wp-block-themeisle-blocks-button-b0758529\" class=\"wp-block-themeisle-blocks-button wp-block-button\"><a href=\"https:\/\/www.andreasbraune.de\/?page_id=359\" target=\"_self\" rel=\"noopener noreferrer\" class=\"wp-block-button__link\"><span>umk\u00e4mpfte Begriffe<\/span><\/a><\/div>\n\n\n\n<div id=\"wp-block-themeisle-blocks-button-774cf67c\" class=\"wp-block-themeisle-blocks-button wp-block-button\"><a href=\"https:\/\/www.andreasbraune.de\/?page_id=351\" target=\"_self\" rel=\"noopener noreferrer\" class=\"wp-block-button__link\"><span>Weimarer Verh\u00e4ltnisse<\/span><\/a><\/div>\n<\/div>\n\n\n\n<hr class=\"wp-block-separator has-alpha-channel-opacity is-style-wide\"\/>\n\n\n\n<h2 id=\"wp-block-themeisle-blocks-advanced-heading-6bd1df12\" class=\"wp-block-themeisle-blocks-advanced-heading wp-block-themeisle-blocks-advanced-heading-6bd1df12\">Argumente-Check<\/h2>\n\n\n\n<p>Fakten-Checks geh\u00f6ren mittlerweile zum A und O der Medienlandschaft, seien es die &#8222;traditionellen&#8220; oder die &#8222;neuen&#8220; Medien. Doch was ist mit Argumente-Checks? Sehr oft nutzen wir in unseren Debatten Argumente, deren Inhalt so eingefleischt ist, dass wir sie kaum noch hinterfragen. Oder sie hinken in einem konkreten Fall von vornherein, weil sie sich eigentlich auf andere Umst\u00e4nde oder Situationen beziehen. <\/p>\n\n\n\n<p>Wo kommen unsere gesellschaftlichen und politischen Argumente her? Gelten sie unter ver\u00e4nderten Bedingungen noch immer? Wo m\u00fcssen wir sie hinterfragen oder vielleicht auch \u00e4ndern? Ist es angebracht, sie in Situation A ins Feld zu f\u00fchren, in Fall B aber nicht? Diese und \u00e4hnliche Fragen beleuchten im Blog in loser Folge die Argumente-Checks&#8230;<\/p>\n\n\n<div class=\"has-light-bg wp-block-themeisle-blocks-posts-grid\" id=\"wp-block-themeisle-blocks-posts-grid-218587de\"><div class=\"is-list\"><div class=\"o-posts-grid-post-blog o-posts-grid-post-plain\"><div class=\"o-posts-grid-post\"><div class=\"o-posts-grid-post-image\"><a href=\"https:\/\/www.andreasbraune.de\/?p=257\"><img loading=\"lazy\" decoding=\"async\" width=\"2536\" height=\"2100\" src=\"https:\/\/www.andreasbraune.de\/wp-content\/uploads\/2025\/02\/Muybridge_Eadweard_-_Daisy_ueberspringt_eine_Huerde_2_Zeno_Fotografie.jpg\" class=\"attachment-full size-full\" alt=\"20% verschenkt? Wie die 5%-H\u00fcrde dem Repr\u00e4sentationsprinzip schadet und die AfD st\u00e4rkt.\" srcset=\"https:\/\/www.andreasbraune.de\/wp-content\/uploads\/2025\/02\/Muybridge_Eadweard_-_Daisy_ueberspringt_eine_Huerde_2_Zeno_Fotografie.jpg 2536w, https:\/\/www.andreasbraune.de\/wp-content\/uploads\/2025\/02\/Muybridge_Eadweard_-_Daisy_ueberspringt_eine_Huerde_2_Zeno_Fotografie-300x248.jpg 300w, https:\/\/www.andreasbraune.de\/wp-content\/uploads\/2025\/02\/Muybridge_Eadweard_-_Daisy_ueberspringt_eine_Huerde_2_Zeno_Fotografie-1024x848.jpg 1024w, https:\/\/www.andreasbraune.de\/wp-content\/uploads\/2025\/02\/Muybridge_Eadweard_-_Daisy_ueberspringt_eine_Huerde_2_Zeno_Fotografie-768x636.jpg 768w, https:\/\/www.andreasbraune.de\/wp-content\/uploads\/2025\/02\/Muybridge_Eadweard_-_Daisy_ueberspringt_eine_Huerde_2_Zeno_Fotografie-1536x1272.jpg 1536w, https:\/\/www.andreasbraune.de\/wp-content\/uploads\/2025\/02\/Muybridge_Eadweard_-_Daisy_ueberspringt_eine_Huerde_2_Zeno_Fotografie-2048x1696.jpg 2048w\" sizes=\"(max-width: 2536px) 100vw, 2536px\" \/><\/a><\/div><div class=\"o-posts-grid-post-body\"><h2 class=\"o-posts-grid-post-title\"><a href=\"https:\/\/www.andreasbraune.de\/?p=257\">20% verschenkt? Wie die 5%-H\u00fcrde dem Repr\u00e4sentationsprinzip schadet und die AfD st\u00e4rkt.<\/a><\/h2><p class=\"o-posts-grid-post-meta\">Posted on <time datetime=\"2025-02-13T10:30:12+00:00\">13. Februar 2025<\/time> <\/p><div class=\"o-posts-grid-post-description\"><p>Es war mal das kleine Einmaleins des Sozialkundeunterrichts und der politikwissenschaftlichen Einf\u00fchrungsliteratur: Die 5%-H\u00fcrde ist eine der entscheidenden \u201eLehren aus Weimar\u201c und ein Garant f\u00fcr die Stabilit\u00e4t der bundesdeutschen Demokratie. Denn sie verhindere zuverl\u00e4ssig, dass sich extremistische\u2026<\/p><\/div><\/div><\/div><\/div><\/div> <\/div>","protected":false},"excerpt":{"rendered":"<p>Fakten-Checks geh\u00f6ren mittlerweile zum A und O der Medienlandschaft, seien es die &#8222;traditionellen&#8220; oder die &#8222;neuen&#8220; Medien. Doch was ist mit Argumente-Checks? Sehr oft nutzen wir in unseren Debatten Argumente, deren Inhalt so eingefleischt ist, dass wir sie kaum noch hinterfragen. Oder sie hinken in einem konkreten Fall von vornherein, weil sie sich eigentlich auf [&hellip;]<\/p>\n","protected":false},"author":1,"featured_media":0,"parent":116,"menu_order":0,"comment_status":"closed","ping_status":"closed","template":"","meta":{"advanced_seo_description":"","jetpack_seo_html_title":"","jetpack_seo_noindex":false,"_themeisle_gutenberg_block_has_review":false,"footnotes":""},"class_list":["post-269","page","type-page","status-publish","hentry"],"featured_image_src":null,"jetpack_sharing_enabled":true,"_links":{"self":[{"href":"https:\/\/www.andreasbraune.de\/index.php?rest_route=\/wp\/v2\/pages\/269","targetHints":{"allow":["GET"]}}],"collection":[{"href":"https:\/\/www.andreasbraune.de\/index.php?rest_route=\/wp\/v2\/pages"}],"about":[{"href":"https:\/\/www.andreasbraune.de\/index.php?rest_route=\/wp\/v2\/types\/page"}],"author":[{"embeddable":true,"href":"https:\/\/www.andreasbraune.de\/index.php?rest_route=\/wp\/v2\/users\/1"}],"replies":[{"embeddable":true,"href":"https:\/\/www.andreasbraune.de\/index.php?rest_route=%2Fwp%2Fv2%2Fcomments&post=269"}],"version-history":[{"count":17,"href":"https:\/\/www.andreasbraune.de\/index.php?rest_route=\/wp\/v2\/pages\/269\/revisions"}],"predecessor-version":[{"id":813,"href":"https:\/\/www.andreasbraune.de\/index.php?rest_route=\/wp\/v2\/pages\/269\/revisions\/813"}],"up":[{"embeddable":true,"href":"https:\/\/www.andreasbraune.de\/index.php?rest_route=\/wp\/v2\/pages\/116"}],"wp:attachment":[{"href":"https:\/\/www.andreasbraune.de\/index.php?rest_route=%2Fwp%2Fv2%2Fmedia&parent=269"}],"curies":[{"name":"wp","href":"https:\/\/api.w.org\/{rel}","templated":true}]}}